03, 1217
List the prime factors of 597287227.
307, 1945561
List the prime factors of 264137831.
1481, 178351
List the prime factors of 1169222157.
3, 101, 1286273
List the prime factors of 949604685.
3, 5, 47, 1346957
List the prime factors of 408236671.
2161, 188911
What are the prime factors of 73018106?
2, 7, 5215579
List the prime factors of 37162149.
3, 31, 409, 977
List the prime factors of 199125603.
3, 347, 63761
List the prime factors of 3248891581.
13, 59, 743, 5701
What are the prime factors of 167492724?
2, 3, 7, 1279, 1559
List the prime factors of 100981309.
11, 13, 17, 41539
List the prime factors of 445356677.
445356677
What are the prime factors of 220516808?
2, 79, 348919
What are the prime factors of 22981788?
2, 3, 31, 20593
List the prime factors of 1052988433.
7, 71, 2118689
List the prime factors of 32799468.
2, 3, 13, 167, 1259
What are the prime factors of 21712395?
3, 5, 223, 6491
What are the prime factors of 948340490?
2, 5, 43, 79, 27917
List the prime factors of 20814430.
2, 5, 7, 13, 89, 257
List the prime factors of 87081291.
3, 11, 101, 2903
What are the prime factors of 180489072?
2, 3, 1637, 2297
What are the prime factors of 2927232?
2, 3, 7, 11
What are the prime factors of 173237023?
113, 13567
What are the prime factors of 257194965?
3, 5, 2693, 6367
List the prime factors of 186313807.
186313807
List the prime factors of 474091932.
2, 3, 39507661
List the prime factors of 1795726825.
5, 2273, 31601
What are the prime factors of 2653146926?
2, 1326573463
List the prime factors of 120900508.
2, 113, 267479
What are the prime factors of 75731054?
2, 7, 5409361
List the prime factors of 2533043174.
2, 223, 1667, 3407
What are the prime factors of 26684486?
2, 13342243
List the prime factors of 3079241223.
3, 43, 53, 79, 5701
List the prime factors of 13020847.
7, 67, 27763
What are the prime factors of 109891218?
2, 3, 31, 590813
List the prime factors of 99648659.
11, 37, 244837
What are the prime factors of 408730045?
5, 81746009
List the prime factors of 73326119.
37, 1981787
What are the prime factors of 5465757952?
2, 293, 72869
What are the prime factors of 48755999?
48755999
List the prime factors of 4635884897.
7, 193, 3431447
List the prime factors of 2180474931.
3, 31, 97, 241711
What are the prime factors of 385693197?
3, 8363, 15373
What are the prime factors of 390213719?
7, 53, 1051789
List the prime factors of 99337294.
2, 7, 7095521
What are the prime factors of 394237778?
2, 11, 17919899
What are the prime factors of 17496440?
2, 5, 13, 33647
What are the prime factors of 619536754?
2, 7253, 42709
What are the prime factors of 63755691?
3, 21251897
List the prime factors of 2366295431.
2366295431
What are the prime factors of 150938177?
13, 11610629
What are the prime factors of 3268868639?
3268868639
What are the prime factors of 69386623?
1931, 35933
List the prime factors of 347695914.
2, 3, 1831, 31649
List the prime factors of 440079145.
5, 11, 2017, 3967
List the prime factors of 29363845.
5, 7, 17, 2903
List the prime factors of 607096550.
2, 5, 19, 639049
List the prime factors of 168690010.
2, 5, 61, 131, 2111
What are the prime factors of 146955707?
101, 1455007
List the prime factors of 1287502036.
2, 321875509
What are the prime factors of 4002535526?
2, 11, 16539403
What are the prime factors of 21067215?
3, 5, 13, 108037
List the prime factors of 120262572.
2, 3, 43, 77689
List the prime factors of 242052482.
2, 7, 2099, 8237
What are the prime factors of 3669253094?
2, 13, 141125119
What are the prime factors of 162945405?
3, 5, 7, 269, 641
List the prime factors of 20076237.
3, 37, 60289
List the prime factors of 241208718.
2, 3, 29, 401, 3457
What are the prime factors of 90004857?
3, 30001619
What are the prime factors of 5221928781?
3, 397, 1461497
What are the prime factors of 44024752?
2, 1249, 2203
List the prime factors of 42770825.
5, 1710833
What are the prime factors of 14171941?
7, 587, 3449
What are the prime factors of 393764579?
13, 30289583
List the prime factors of 24884115.
3, 5, 1658941
What are the prime factors of 98218381?
53, 1853177
List the prime factors of 958226596.
2, 919, 260671
List the prime factors of 25205160.
2, 3, 5, 41, 47, 109
List the prime factors of 119576822.
2, 37, 1061, 1523
What are the prime factors of 185687198?
2, 2969, 31271
What are the prime factors of 230317091?
97, 479, 4957
List the prime factors of 88559979.
3, 53, 556981
What are the prime factors of 5069040614?
2, 11, 230410937
List the prime factors of 63567471.
3, 11, 17, 10301
What are the prime factors of 1498010725?
5, 179, 334751
List the prime factors of 87742682.
2, 199, 449, 491
What are the prime factors of 547977135?
3, 5, 36531809
What are the prime factors of 653427844?
2, 17, 37, 15277
List the prime factors of 3003645628.
2, 19, 71, 29297
What are the prime factors of 4411800474?
2, 3, 735300079
What are the prime factors of 1727837407?
1727837407
What are the prime factors of 1998761224?
2, 249845153
List the prime factors of 5238787.
59, 88793
What are the prime factors of 1162540?
2, 5, 37, 1571
What are the prime factors of 325337698?
2, 7, 23238407
What are the prime factors of 810556186?
2, 11, 36843463
List the prime factors of 200469802.
2, 13, 7710377
What are the prime factors of 152636229?
3, 16959581
What are the prime factors of 384433290?
2, 3, 5, 281, 563
List the prime factors of 106471689.
3, 35490563
What are the prime factors of 38389712?
2, 43, 55799
List the prime factors of 307827334.
2, 31, 4964957
What are the prime factors of 69125194?
2, 2767, 12491
What are the prime factors of 141502675?
5, 1531, 3697
What are the prime factors of 560904174?
2, 3, 23, 1354841
List the prime factors of 16830198.
2, 3, 7, 11, 12143
List the prime factors of 204672393.
3, 7580459
What are the prime factors of 30412979?
397, 76607
List the prime factors of 36155621.
107, 337903
What are the prime factors of 161337907?
811, 198937
What are the prime factors of 349213533?
3, 167, 697033
What are the prime factors of 2056600104?
2, 3, 13, 6591667
What are the prime factors of 4804198268?
2, 1201049567
What are the prime factors of 19642746?
2, 3, 3273791
List the prime factors of 61744282.
2, 23, 1342267
What are the prime factors of 3232013683?
113, 139, 149, 1381
What are the prime factors of 62817605?
5, 71, 176951
What are the prime factors of 265678101?
3, 13, 163, 13931
What are the prime factors of 165964272?
2, 3, 109, 31721
What are the prime factors of 229571967?
3, 76523989
List the prime factors of 3006859.
23, 239, 547
List the prime factors of 5335977570.
2, 3, 5, 7, 11, 37, 149, 419
List the prime factors of 2870698639.
373, 7696243
What are the prime factors of 2534249468?
2, 8387, 75541
List the prime factors of 96501388.
2, 31, 778237
What are the prime factors of 30985953?
3, 283, 36497
List the prime factors of 219478345.
5, 719, 61051
What are the prime factors of 2961089249?
41, 907, 79627
What are the prime factors of 67643934?
2, 3, 11273989
List the prime factors of 19436958.
2, 3, 1079831
What are the prime factors of 252282701?
11, 2084981
List the prime factors of 1604760246.
2, 3, 89, 1001723
What are the prime factors of 1258762423?
23, 54728801
List the prime factors of 186494831.
233, 800407
List the prime factors of 40718782.
2, 13, 1566107
List the prime factors of 403590998.
2, 201795499
List the prime factors of 4739329265.
5, 11, 109, 790547
List the prime factors of 493213380.
2, 3, 5, 11, 23, 32491
List the prime factors of 2621462837.
7, 67, 193, 28961
What are the prime factors of 22434964?
2, 5608741
What are the prime factors of 711682031?
19, 23, 379, 4297
What are the prime factors of 20635282?
2, 461, 22381
What are the prime factors of 438922353?
3, 9857, 14843
List the prime factors of 1851379524.
2, 3, 61, 281023
List the prime factors of 144023242.
2, 11, 41, 159671
List the prime factors of 285109730.
2, 5, 29, 61, 71, 227
What are the prime factors of 526979075?
5, 7, 31, 13877
What are the prime factors of 170406393?
3, 67, 103, 8231
What are the prime factors of 330137858?
2, 17, 9709937
List the prime factors of 581297898.
2, 3, 17, 37, 154027
What are the prime factors of 19907628?
2, 3, 13, 3